
What is 6fc1 (base 16) in base 3?
1110020121
Convert 169c (base 16) to base 2.
1011010011100
What is -26b (base 14) in base 2?
-111100111
-143540 (base 7) to base 12
-14055
What is 2a3 (base 14) in base 8?
1027
What is -316064 (base 7) in base 8?
-153216
-195a3 (base 12) to base 9
-55836
What is 2a7 (base 13) in base 6?
2111
What is -162d (base 15) in base 2?
-1001010100000
-1635 (base 11) to base 12
-1267
Convert -7611 (base 10) to base 3.
-101102220
What is -15304 (base 10) in base 13?
-6c73
1004 (base 5) to base 16
81
Convert 370 (base 11) to base 3.
121022
30458 (base 9) to base 4
10321130
Convert 98 (base 13) to base 10.
125
-1233400 (base 5) to base 4
-11322201
Convert -16461 (base 8) to base 13.
-352b
What is -1384 (base 12) in base 7?
-6406
Convert -111130 (base 4) to base 12.
-964
What is 10012 (base 5) in base 10?
632
-101001000000 (base 2) to base 6
-20052
What is 1029 (base 11) in base 16?
552
Convert -33b5 (base 12) to base 5.
-141003
What is 217 (base 11) in base 7?
521
Convert -221 (base 11) to base 16.
-109
Convert -1005 (base 10) to base 8.
-1755
-13 (base 7) to base 8
-12
Convert 58b (base 14) to base 16.
44f
Convert -754 (base 9) to base 15.
-2b1
What is -331113 (base 5) in base 7?
-45155
-43d2 (base 15) to base 4
-3200210
Convert -613 (base 16) to base 3.
-2010121
3300 (base 6) to base 9
1030
Convert 111200120 (base 3) to base 15.
2e53
What is -32063 (base 7) in base 5?
-223214
What is -1000000111111010 (base 2) in base 8?
-100772
Convert 302213 (base 5) to base 6.
112455
47725 (base 10) to base 16
ba6d
-504 (base 13) to base 15
-3b9
What is 1010010101110 (base 2) in base 8?
12256
Convert -13332 (base 7) to base 16.
-e10
What is 111111100 (base 2) in base 15?
23d
What is -1506 (base 7) in base 9?
-730
Convert 13d0 (base 14) to base 12.
204a
b9a (base 15) to base 6
20044
What is 9a2 (base 16) in base 7?
10122
What is 2121010220 (base 3) in base 15?
10240
Convert -2113 (base 6) to base 4.
-13131
What is -21652 (base 7) in base 10?
-5476
201222 (base 5) to base 15
1d92
Convert -110011011001 (base 2) to base 8.
-6331
3233333 (base 4) to base 11
105a3
-456b (base 12) to base 6
-55415
What is 104432 (base 6) in base 13?
4013
What is 120434 (base 5) in base 16?
118e
-120210 (base 4) to base 6
-11140
-1001110111 (base 2) to base 12
-447
20031 (base 4) to base 3
201110
Convert -818 (base 12) to base 3.
-1121102
Convert -1013322 (base 4) to base 16.
-11fa
Convert 323523 (base 6) to base 2.
110100010001011
-a03 (base 12) to base 4
-112203
Convert -651 (base 10) to base 16.
-28b
-3604 (base 13) to base 9
-11384
-3c9 (base 16) to base 5
-12334
-1250 (base 7) to base 8
-734
-cbd5 (base 14) to base 6
-431143
What is -3161 (base 9) in base 5?
-33243
-11000111011101 (base 2) to base 4
-3013131
What is 86 (base 14) in base 7?
226
What is 220211 (base 3) in base 15?
2ea
Convert a87 (base 13) to base 6.
12201
What is -340 (base 7) in base 16?
-af
What is 831 (base 16) in base 9?
2780
Convert 4c (base 15) to base 11.
66
What is -24053 (base 7) in base 15?
-1c92
What is -25 (base 16) in base 4?
-211
-288 (base 11) to base 14
-1a2
43335 (base 9) to base 16
7022
Convert -3038 (base 9) to base 11.
-1740
2642 (base 16) to base 15
2d7e
12613 (base 10) to base 12
7371
What is -79 (base 13) in base 11?
-91
-2d6d (base 15) to base 4
-2120302
Convert -14023 (base 7) to base 12.
-223a
What is -f1f4 (base 16) in base 14?
-18804
115036 (base 7) to base 3
1001201221
Convert -13320 (base 5) to base 2.
-10000111101
What is -82444 (base 9) in base 8?
-152046
141 (base 16) to base 4
11001
What is -1057 (base 9) in base 11?
-650
Convert -1100011101001 (base 2) to base 5.
-201002
1111101010101 (base 2) to base 12
4785
-c26 (base 14) to base 7
-6646
-15425 (base 9) to base 13
-4a5a
What is -412 (base 6) in base 14?
-ac
Convert 1154304 (base 6) to base 14.
187a8
What is -2718 (base 11) in base 7?
-13200
10212000111 (base 3) to base 11
51a76
Convert 86a (base 11) to base 6.
4500
-1646 (base 8) to base 2
-1110100110
What is 1513 (base 10) in base 13?
8c5
Convert -cb57 (base 13) to base 11.
-1a293
What is -298 (base 14) in base 7?
-1351
What is -1110000100110 (base 2) in base 16?
-1c26
What is -1284 (base 12) in base 15?
-961
772 (base 8) to base 5
4011
28327 (base 9) to base 12
b15a
What is -2801 (base 14) in base 5?
-211212
Convert 751 (base 10) to base 4.
23233
Convert -412 (base 10) to base 15.
-1c7
What is 176c4 (base 14) in base 16?
e65c
What is 2142 (base 5) in base 2?
100101001
-1144 (base 11) to base 14
-792
1011100010011 (base 2) to base 14
221d
What is -1001010111001 (base 2) in base 7?
-16655
Convert -9b15 (base 13) to base 5.
-1143100
313 (base 5) to base 13
65
-33471 (base 8) to base 16
-3739
Convert -1011001000100001 (base 2) to base 11.
-31296
Convert -11201 (base 4) to base 6.
-1345
-8b93 (base 12) to base 4
-3302133
Convert -1248 (base 10) to base 16.
-4e0
Convert 1856 (base 11) to base 16.
938
What is 202110 (base 3) in base 5?
4202
Convert 3a1 (base 11) to base 16.
1da
What is 2251 (base 13) in base 16?
12be
Convert ab83 (base 15) to base 5.
2130343
What is 6d7 (base 14) in base 9?
1776
30420 (base 7) to base 3
101011120
Convert -10111001 (base 2) to base 8.
-271
Convert -403 (base 7) to base 9.
-241
What is -1b5 (base 14) in base 3?
-111011
What is -30130 (base 4) in base 5?
-11141
What is 11101000100011 (base 2) in base 3?
202102020
What is 90 (base 16) in base 6?
400
What is 20012 (base 3) in base 5?
1132
Convert 284 (base 11) to base 16.
14e
What is -68 (base 13) in base 9?
-105
3430 (base 5) to base 8
752
What is 20130 (base 4) in base 15?
260
Convert -2987 (base 10) to base 3.
-11002122
-1021101 (base 5) to base 13
-7999
-1377 (base 11) to base 9
-2385
Convert -2111132 (base 4) to base 5.
-301231
Convert -176441 (base 8) to base 16.
-fd21
Convert -13341 (base 6) to base 3.
-2211221
-dd3 (base 15) to base 5
-44443
Convert -2343 (base 10) to base 9.
-3183
2292 (base 11) to base 14
1149
What is 11010111010 (base 2) in base 15?
79c
Convert -1113 (base 5) to base 7.
-314
-2002011 (base 4) to base 14
-3069
619 (base 12) to base 8
1565
What is -924 (base 11) in base 15?
-4e5
Convert -4c2 (base 13) to base 11.
-699
What is 144445 (base 7) in base 2?
110110101101100
-19e0 (base 15) to base 8
-12752
304114 (base 5) to base 8
23265
What is -10452 (base 6) in base 9?
-2015
Convert -340 (base 13) to base 3.
-202201
Convert 47226 (base 8) to base 12.
b786
What is 1001100100001 (base 2) in base 14?
1adb
Convert -8081 (base 9) to base 3.
-22002201
Convert 9990 (base 11) to base 14.
4b27
What is 786a (base 14) in base 4?
11012012
Convert 831 (base 12) to base 2.
10010100101
Convert 2c44 (base 14) to base 7.
32014
-200 (base 4) to base 5
-112
What is -42622 (base 7) in base 4?
-2211220
Convert 3025 (base 7) to base 14.
54c
Convert 1001110110001011 (base 2) to base 11.
28335
What is -b9b (base 14) in base 4?
-203311
Convert 11010110101 (base 2) to base 7.
5002
10001011111000 (base 2) to base 7
35046
-5533 (base 9) to base 16
-ff0
What is -1629 (base 10) in base 6?
-11313
What is 200 (base 3) in base 7?
24
Convert 301 (base 11) to base 16.
16c
46113 (base 9) to base 14
b299
-39f8 (base 16) to base 15
-45e5
Convert 10000011100 (base 2) to base 14.
552
Convert -11222201 (base 4) to base 12.
-11515
Convert -3401 (base 5) to base 11.
-3a3
What is 1011010010111000 (base 2) in base 4?
23102320
550 (base 9) to base 8
702
What is 111010100 (base 3) in base 9?
14110
What is 4620 (base 13) in base 5?
303303
-1e4 (base 16) to base 10
-484
Convert 5082 (base 10) to base 11.
3900
Convert -22320 (base 4) to base 11.
-583
What is 12702 (base 8) in base 4?
1113002
264 (base 14) to base 8
740
What is 2449 (base 13) in base 11?
3945
Convert -51223 (base 7) to base 2.
-11000010101111
What is 155304 (base 6) in base 15?
489d
Convert 653 (base 9) to base 7.
1362
125f (base 16) to base 4
1021133
What is 31141 (base 6) in base 9?
5637
What is 252c (base 16) in base 2?
10010100101100
What is 10023110 (base 4) in base 6?
211112
16404 (base 9) to base 13
5185
Convert 581a (base 11) to base 8.
16734
Convert 729 (base 11) to base 9.
1175
Convert -26 (base 10) to base 2.
-11010
What is 226 (base 7) in base 3?
11101
-110 (base 13) to base 6
-502
Convert -101001111101101 (base 2) to base